 0 - q = -3*l - g. Suppose 0 = l*c - 4*c + 10. What is the units digit of c?
5
Let o(z) = -32*z**2 - z - 2. Let b be o(-1). Let a = -11 - b. What is the units digit of a?
2
Let x = 17 + 11. Let i = x - -34. What is the tens digit of i?
6
Suppose 95 = 3*i + 8. Suppose -i = -2*o - 3. What is the tens digit of o?
1
Let l = 238 + -166. What is the units digit of l*1/(3/2)?
8
Suppose -9 = r - 12. Suppose 0 = -12*a + r + 45. What is the units digit of a?
4
Let m(w) = -w**2 - 6*w + 7. Let i be m(-10). Let k = i - -15. Let y = k - -39. What is the tens digit of y?
2
Let n = 2637 - 726. What is the units digit of n?
1
What is the units digit of 66/6 + 1231 + 7?
9
Suppose -j - 108 = -4*j. Let m = 17 - -7. Suppose j = 5*p - m. What is the units digit of p?
2
Let y be (-2 - 2 - -3) + 17. Suppose -2*n + 14 = -4*d - y, 0 = 2*n + 5*d - 48. What is the units digit of n?
9
Let c(l) = 4*l**2 + 119*l - 42. What is the thousands digit of c(-39)?
1
Let z = 1033 - 211. What is the hundreds digit of z?
8
Let m = -2418 - -4872. What is the tens digit of m?
5
Suppose -4*t = -4*b - 56, 3*b = 3*t - t - 42. Let j be (355/2)/((-7)/b). Suppose -6*k + j = -k. What is the units digit of k?
1
Let d(r) = 306*r + 927. What is the hundreds digit of d(8)?
3
Let n(y) be the second derivative of y**5/20 - y**4/6 - y**3/2 - y**2 - 30*y. What is the tens digit of n(6)?
2
Let v(t) = 87*t**2 + 8*t + 7. What is the thousands digit of v(4)?
1
Let h be ((-2)/4)/((-1)/(3928/4)). Suppose 0 = 4*f + 3*s - 4*s - h, -5*f = 2*s - 617. What is the tens digit of f?
2
Suppose -4 = -3*a - 4*i, -3*a = -2*a + 4*i - 4. Let m(n) = -n**2 + 22. What is the tens digit of m(a)?
2
Suppose 25697 = 24*c + 7145. What is the tens digit of c?
7
Suppose -3*f + 5564 = -31. What is the hundreds digit of f?
8
Suppose -5*v - 1 = -11. Let y(w) = -w**v + 13*w**2 + 7*w**2 + w - 4 - 5*w**2. What is the tens digit of y(2)?
5
Suppose -2*y - 2022 = -z, -3*z - 2*y = -5067 - 967. What is the hundreds digit of z?
0
Suppose n + 4*r - 172 = 238, -2 = -r. What is the units digit of n?
2
Let o(y) = 18*y**2 - 19*y - 142. What is the hundreds digit of o(-11)?
2
Let q be (-4)/16 + (-21)/(-4). Let d(c) = -6*c**2 + 14*c**3 + q*c**2 + 21 - 13*c**3. What is the units digit of d(0)?
1
Let l = 452 - 245. What is the hundreds digit of l?
2
Suppose 2*w - w = 0. Suppose -5*j - 2*y + 4*y = -183, -2*y + 2 = w. What is the units digit of j?
7
Let w(r) be the first derivative of 47*r**4/4 + r**3/3 + r**2 + 2*r - 4. Let a be w(-1). Let d = a + 81. What is the units digit of d?
5
Let b(t) = 2*t**3 - 2*t**2 - t. Let y be b(-1). What is the units digit of 2 + y - (-41 - 9)?
9
Suppose -z - 2*z + m + 34 = 0, -4*z - 4*m = -72. Suppose -4*a + z = 2*b + 3, 3*a = 5*b + 27. What is the units digit of (b - -2)/1 - -27?
6
Let q(p) = p**2 + 8*p + 4. Let i be q(-9). Let t = i - 11. Suppose -t*m = m - 153. What is the tens digit of m?
5
Suppose -4*t - 24 = -10*t. Suppose b + 5*m = -t*b + 15, b + 5*m - 15 = 0. Suppose b*l - 35 = -l. What is the units digit of l?
5
Let n(o) = 19*o**2 - 2. What is the units digit of n(-5)?
3
Suppose 3*m = 2*b + 345, -3*m + 2*b = -b - 348. Let l = m + -81. Let c = 66 - l. What is the tens digit of c?
3
Suppose 2*b + 0*b - 26 = 0. Suppose -b*w + 79 = -12*w. What is the units digit of w?
9
Suppose -7*g = -2*g + i - 170, 0 = 5*i + 25. Let l = g + -20. Let w = l - -1. What is the units digit of w?
6
Let i(h) = h**2 + 2*h + 1. Let s be i(-1). Suppose s = -5*z - k + 269, 0*z = -2*z - 5*k + 103. What is the tens digit of z?
5
Let l be 11 - 10 - (-277 + 0). Suppose 3*b + 3*h - 703 = -2*b, 0 = -2*b - 2*h + l. What is the hundreds digit of b?
1
Let v(u) = -u + 15. Let f be v(12). Suppose -w = l + 7, f*w + 23 = -w - 5*l. What is the tens digit of 13 - 0 - w/4?
1
What is the hundreds digit of 1 - (-22)/(-18) - (-184840)/72?
5
Let q = -41 - -49. What is the tens digit of 16*q/(-10)*20/(-8)?
3
Let s(k) = -k - 1. Let q(h) = 3*h - 5. Let z(n) = -q(n) - 4*s(n). Let c be z(-4). Suppose 4*v + 2*i - 12 = 3*i, -c*i = 0. What is the units digit of v?
3
Suppose -2665 = -5*p - 60*p. What is the tens digit of p?
4
Let n be ((-16)/10)/((-2)/(-100)). Let l = -43 - n. What is the units digit of l?
7
Suppose j = -2*w + 791 + 141, -w + 475 = 5*j. What is the units digit of w?
5
Let x(t) be the third derivative of -t**5/60 - t**4/2 + 4*t**3/3 - t**2. Suppose 0 = -16*q + 17*q + 11. What is the tens digit of x(q)?
1
Suppose -1755 = -4*q + 957. What is the tens digit of q?
7
Let v(s) = -s**2 - 7*s - 4. Let h be (-4)/(-20) + (-93)/15. Let u be v(h). Let a = u + 1. What is the units digit of a?
3
Let t(i) = 44*i**2 - i - 2. Let d(o) = -o**2 - 1. Let q(x) = -5*d(x) + t(x). What is the tens digit of q(2)?
9
What is the units digit of (-590)/2*(-23)/((-276)/(-72))?
0
Let n be 2/3*(4 + 50). Let y = n + -23. What is the units digit of y?
3
Let d(h) = 4*h - 7. Let l be d(3). Suppose 9*t = 4*t - l. What is the units digit of (-4 - (-2 - 1))*t?
1
Let s(v) = v - 25. Let m be s(10). Let h(r) = r**3 + 14*r**2 - 20*r - 15. What is the tens digit of h(m)?
6
What is the units digit of ((-2195)/2)/5*(-13 + 11)?
9
Let k(n) = n**3 - 3*n**2 + 8*n - 6. Let d(o) = o**3 + 14*o**2 + 2*o + 31. Let a be d(-14). What is the units digit of k(a)?
8
Let l(h) = h**2 + h - 2. Let u be l(-5). Suppose a = 20 - u. What is the units digit of a?
2
Let m(t) = t**2 - 4*t + 1. Let g be m(5). Suppose -g*c = 5 + 7. Let q(x) = -4*x**3 + 3*x**2 + 3*x + 4. What is the units digit of q(c)?
2
Let f(j) = 649*j + 5. What is the units digit of f(1)?
4
What is the units digit of 3 - (-305 + -2) - 2?
8
Let z = 3099 - 2079. What is the tens digit of z?
2
Suppose -4*k = -23 - 17. Let l be k - (3 + (2 - 5)). What is the units digit of (l/(-1))/((-4)/6)?
5
Let p = -847 - -1689. What is the tens digit of p?
4
Let n = 5876 + -2726. What is the units digit of n?
0
Suppose k - 8 = -k, 4*u + k - 8 = 0. Suppose -u = q + c - 4, 0 = -4*c + 4. Suppose 65 = q*m - 33. What is the units digit of m?
9
Let w = 5 - -3. Let q = w - -18. Let i = 19 + q. What is the units digit of i?
5
Suppose 5*t = 3*r - 5, -3*r - 3*t = -5*r + 3. Suppose -2*u + 1010 - 282 = r. What is the units digit of u/24 - 1/6?
5
Let k(c) = c**2 - 2*c + 22. What is the units digit of k(31)?
1
Let r = -722 - -2725. What is the thousands digit of r?
2
Suppose 78*d + 9692 = 82*d. What is the tens digit of d?
2
Suppose 0*j = -j - 42. Let d = j + 77. What is the units digit of d?
5
Let d be ((-32)/(-2))/(2/98). Suppose -3*t = -7*t + d. What is the hundreds digit of t?
1
Let m be (1/3)/(2/(-1146)). Let d = m - -133. Let x = -37 - d. What is the units digit of x?
1
Suppose -18 = 3*o - 4*o. Let j = o - 18. Suppose j*d = -2*d + 12. What is the units digit of d?
6
Let g be -5*2*20/(-50). Suppose -g*u + 346 = -34. What is the units digit of u?
5
Suppose 7*b + 0*b + 364 = 0. What is the units digit of b/(-3)*((-45)/10)/(-3)?
6
Suppose -3*f - q + 88 = -1644, -7*f + 4036 = 5*q. What is the tens digit of f?
7
Suppose -1525 = -3*u - 5*h, 5*u + 4*h + 0*h = 2533. Let d be 15/(-105) + u/7. Suppose 2*f = -2*k + d, 2*f + f = -4*k + 110. What is the tens digit of f?
3
Let d(k) = -6*k**3 + 2*k**2 + 3*k + 2. Let r(t) = t**2 + 2*t - 5. Let x be r(-3). What is the tens digit of d(x)?
5
Let i be (4/(-2))/(6/27). Let o = i + 13. Suppose 5*n + 109 = o*x, 5*n = x + 2*x - 88. What is the units digit of x?
1
Let q = 17 - 13. Suppose -2*y + 6 = 3*g, -5*g - q = 2*y - 18. What is the units digit of (-4)/g + 4 + 19?
2
Let m be (-116)/87*6/4. Let j(i) = 6*i**2 + 3*i + 4. Let q(w) = 24*w**2 + 12*w + 17. Let h(k) = 9*j(k) - 2*q(k). What is the tens digit of h(m)?
2
Let u(b) be the third derivative of -79*b**6/120 + b**4/24 + b**3/6 + 4*b**2. Let i be u(-1). Let k = -41 + i. What is the tens digit of k?
3
What is the tens digit of (162/(-12))/(9/(-1296))?
4
Let n(y) = -445*y**3 + 2*y**2 + 6*y + 6. What is the units digit of n(-1)?
7
Let t(f) = -302*f**3 - 5*f**2 - 4*f - 1. What is the thousands digit of t(-2)?
2
Let i be (4/(32/(-18)))/(15/40). Let m = i + 23. What is the tens digit of m?
1
Let b be ((-10)/(-15))/(-2)*-66. Suppose 0 = -s + 2*q + 6 + 17, 3*q + b = s. What is the tens digit of s?
2
What is the units digit of (1478945/75)/13 - (-8)/60?
7
Let x be 3/(0 + (-9)/(-12)). Suppose x*a - 103 = 13